-1080)/(-10)?
4
Let r(s) = s**2 + s + 11. Let z be r(0). Suppose 2*w - w - z = 0. What is the units digit of w?
1
Let o = 8 - 5. Suppose -f + 4*u = 2*u - 20, 2*f + o*u = 5. What is the tens digit of f?
1
Let j be 1*-3 + (-192)/(-3). Suppose -5*r + 3*g - 6 + j = 0, 2*g + 34 = 3*r. What is the units digit of r?
8
Let s = 540 - 307. What is the hundreds digit of s?
2
Let w = -5 + 7. Suppose 0 = -2*i + 6*i + 16, -44 = -w*q - i. What is the units digit of q?
4
Suppose 5*x = -d - 13, 0*x = -4*d + 3*x + 17. Suppose -d*l + 24 = 2*l. What is the units digit of l?
6
Let q(x) = 37*x**2 - x. Let b be q(1). Suppose -5*y + 39 = -b. Let m = y - 6. What is the units digit of m?
9
Let r = -5 + 4. Let g be r*2 - (-3 + 1). Suppose -c = -g*c - 6. What is the units digit of c?
6
Suppose 3*m - 9 = 0, m + 115 = 4*v + 2*m. Suppose -v = -5*z - 5*d + 7, 26 = 5*z + 2*d. What is the units digit of z?
4
Let o be ((-2)/4)/(1/(-72)). Suppose 4*c + 48 = -o. Let p = c - -30. What is the units digit of p?
9
Let u be (-39)/(-15) - (-2)/5. Suppose -u*a = 2*a - 15. Let m = 7 - a. What is the units digit of m?
4
Suppose 0 = -2*x + 4*x - 6. Suppose -2*a - r + 5 = 4*r, x*r = -3*a + 30. What is the units digit of a?
5
Let b = -65 + 135. Suppose 5*o - 5*q = 45, 0*o + o + 5*q + 21 = 0. Suppose b = o*s + s. What is the tens digit of s?
1
Let h be 5/15 + (-2)/6. Suppose h = s + 4*s - 5. What is the units digit of s?
1
Let d = 9 - -11. What is the units digit of d?
0
Suppose 5*g - 13 - 22 = 0. Let f = g - 3. What is the units digit of f?
4
Suppose 0 = -c + 3*z + 85, -38 - 187 = -3*c + 3*z. What is the tens digit of c?
7
Let s be (-1)/5 + (-31)/(-5). What is the tens digit of 1/(s/(-45))*-2?
1
Let b = -3 - -5. Suppose 0*l = -2*l + b. What is the units digit of (l - -2) + (-1 - -3)?
5
Let k be 1*3/(3/35). Let a be 304/(-20) - 2/(-10). Let w = a + k. What is the units digit of w?
0
Let m be ((-1 - 0) + -9)*-3. Let z = m + -20. What is the units digit of z?
0
Let w(l) = l**3 + 19*l**2 - 5*l + 12. What is the tens digit of w(-19)?
0
Let l(k) = -k**3 - k - 30. Let n be l(0). Let w be (-2)/(33/n + 1). Suppose v = -v + w. What is the units digit of v?
0
Let p = -5 + 7. Suppose 5*s = -4*u + 6, -2*s + 4*u + 10 - p = 0. Suppose 2*j - 24 = -5*y, j - s*y = -j + 10. What is the units digit of j?
7
Suppose 5*o + y = 242, 4*o - 54 = -3*y + 133. What is the tens digit of o?
4
Let g(l) = 61*l**2 - 3*l + 3. What is the tens digit of g(1)?
6
Let y(h) = -h + 2. Suppose 9 = 4*q + 5*x - 1, 3*q + 4 = 2*x. Let w be y(q). Suppose -w*s - p - 2 = 0, 3*p + 9 = -4*s + s. What is the units digit of s?
1
Let t = 107 + -68. What is the tens digit of t?
3
Let b(s) = -s + 1. Let p be b(-3). Suppose -p*t + 20 = w + 3*w, -5*w + t + 25 = 0. Suppose w = -4*d - 3, -4*q + 30 = -d. What is the units digit of q?
7
Let x = -46 + 66. Suppose -h - 3 = -x. What is the units digit of h?
7
Let n(r) = r**2 + 3*r + 1. Let u(a) = -a**3 + a**2 + 3*a + 4. Let i be u(3). Let t be n(i). Let h = t + -8. What is the units digit of h?
3
Suppose -2*r - w = -8, -2*r - 4*w + 14 = -0. Suppose m - 2*x - 8 = 0, 3*m + 5*x - r*x + 8 = 0. Suppose 2*b + 1 - 23 = m. What is the tens digit of b?
1
Let p(h) be the third derivative of -h**4/24 - 5*h**3/6 + 2*h**2. Suppose -2*r - 40 = 5*z + 3*r, 5*r = -z - 16. What is the units digit of p(z)?
1
Suppose -b + 6*b - 43 = -2*k, 0 = 4*b - 3*k - 16. What is the units digit of b?
7
Suppose 3*n = 3*y - 192, -4*y - 5*n + 2*n = -256. What is the tens digit of y?
6
Suppose 4*q - 73 - 55 = -4*z, -8 = 2*q. Suppose -3*l + 0*l = -4*n - 13, 4*l + 4*n = z. What is the units digit of l?
7
Let n(b) = -9*b**3 + b**2 + 2*b + 3. Suppose 0 = 4*d - 4 + 12. Let m be n(d). Suppose -5*i + m = -0*i. What is the tens digit of i?
1
Suppose 0 = 6*y - 51 - 129. What is the units digit of y?
0
Let p(o) = 3*o. What is the tens digit of p(7)?
2
Suppose -q - 3*q - 16 = 0. Let a(m) = -m - 2. Let v be a(q). Suppose 0 = -v*r + r + 4, -4*r = 5*c - 66. What is the tens digit of c?
1
Suppose 4*q = -8, 0*z = -5*z - q - 2. Suppose -m + z*m = -4. Let t = m + -3. What is the units digit of t?
1
Suppose 2*p + 2*o - 42 = 0, -4*o - 38 - 49 = -5*p. Suppose p - 2 = z. What is the units digit of z?
7
Let a be ((-24)/10)/(30/(-200)). Suppose -3*g = 4*l - 34, -3*g - 2*l = a - 42. What is the units digit of g?
6
Let y(m) = m**3 - 10*m**2 - 15*m + 12. Let w be y(12). Suppose -3*j + w = 2*j. What is the tens digit of j?
2
Let h(p) = -2*p + 8. Let f(w) = 4*w - 15. Suppose -3*g - 5*z - 2 - 29 = 0, -3*g - 26 = 4*z. Let i(k) = g*f(k) - 5*h(k). What is the units digit of i(8)?
6
What is the units digit of (2 - 0) + 84/6?
6
Let v = 4 - 1. Suppose -v*i = -2*i + 3. What is the tens digit of 3/9 - 44/i?
1
Suppose -2*d - 5*y = 11, 3*y = 5*d - 2*y - 25. Suppose 2*m = -d + 54. What is the tens digit of m?
2
Let a = -5 + 10. Suppose -a*p = -79 - 51. What is the tens digit of p?
2
Suppose 0 = 3*d - 5*h - 1, 7*d - 4*d + h = -29. What is the units digit of ((-2)/d + 3)*4?
3
Let m(x) = 3*x - 3. Let w(t) = 4*t - 4. Let z(f) = -3*m(f) + 4*w(f). Let j(c) = -c. Let l(k) = -6*j(k) - z(k). What is the units digit of l(6)?
1
Let f be (-6)/9 + (-4)/(-6). Suppose 2*i + 3*i - 10 = f. Suppose i*h - 2 = g + h, -4*g = 2*h - 22. What is the units digit of g?
3
Let c(h) = 4*h**3 - 3*h**2 + 10*h - 13. What is the tens digit of c(3)?
9
Let p = 105 + -47. What is the tens digit of p?
5
Let s = 34 - 16. What is the tens digit of s?
1
Let i(q) = -q - 2. Let h be i(-1). Let c be (h/4)/((-3)/12). What is the tens digit of 9 - c/(2 + -3)?
1
Suppose 2*h + 205 = 7*h. What is the units digit of h?
1
Let s(g) = -7*g + 8. Let p(r) = 6*r - 7. Let o(c) = -6*p(c) - 5*s(c). Let y be o(3). Let w(q) = 8*q**2 - 1. What is the units digit of w(y)?
7
What is the tens digit of -2 - 0 - -2*11?
2
Suppose 1 - 3 = -n. What is the units digit of (16/n)/((-16)/(-24))?
2
Suppose -3*z = w - 44, -3*w + 119 = 2*z - 13. What is the units digit of w?
4
Suppose 2*w = -2*w. Suppose w = 5*s + 3*a - 36 - 146, 2*s - 5*a = 48. Suppose -4*o + s = -14. What is the tens digit of o?
1
Let h(t) = -t**3 - 2*t**2 + 5*t + 10. What is the tens digit of h(-4)?
2
Let x(d) = 2*d + 9. Let k be x(-6). Let r = k - -4. What is the units digit of (1 + r - 1)*2?
2
Let g(l) = 20*l - 41. What is the units digit of g(10)?
9
Let p be (-3 - -3)*1*-1. Suppose 5*s - 42 + 12 = p. What is the units digit of s?
6
Let p be (42/(-9))/(6/(-9)). Suppose -21 + p = -v. What is the tens digit of v?
1
Let l(t) = -11*t + 21. What is the units digit of l(-3)?
4
Suppose -2*w = w - 30. Let r = w - 1. What is the units digit of r?
9
Let t = -33 - -53. Suppose 3*g - t - 10 = 0. Suppose h = -4*h + g. What is the units digit of h?
2
Suppose 45 = r - 2*x, r - 6*x - 51 = -x. Suppose -4*c = a - 0*c - 5, 3*a - c - r = 0. What is the tens digit of a?
1
Let m = 4 + -8. Let c = m - -16. What is the tens digit of c?
1
Let k(r) = r**3 + 6*r**2 + 5*r. Let j be k(-5). Suppose -n + 4 + 0 = j. What is the units digit of n?
4
Let v = -2 - -37. What is the units digit of v?
5
Let f(j) = 6*j + 5 + 0*j - 5*j. What is the units digit of f(0)?
5
Let h = -2 - -21. What is the tens digit of h?
1
Suppose 3*m = 34 + 80. What is the tens digit of m?
3
Let f be (10/15)/(2/12). Let q = f - 3. What is the units digit of q?
1
Suppose -i - 2 = -27. Suppose -3*c - o = -i, -6*o = -2*o - 16. What is the units digit of c?
7
Let j = -15 - -72. Suppose 0*g - j = -3*g. What is the tens digit of g?
1
Let k = 9 - 5. Suppose -14 = -k*f + 5*o - 89, -3*o = 5*f + 66. Let r = 21 + f. What is the units digit of r?
6
Suppose -17 = -2*b + 4*x + 5, -2*b + x + 37 = 0. What is the tens digit of b?
2
Let d(q) = -q**2 + 17*q - 26. What is the tens digit of d(11)?
4
Suppose -h - 1 = -2*h. Let d be -5 + 4 - h*2. Let u = -1 - d. What is the units digit of u?
2
Suppose -4*q - 4*g + 0*g + 364 = 0, 5*q - 457 = -3*g. What is the units digit of q?
2
Let u(b) be the first derivative of -b**4/4 + 5*b**3/3 + 3*b - 3. Let x be u(5). What is the units digit of -5*1*(-3)/x?
5
Suppose o - 4*o = -84. What is the units digit of ((-3)/(6/o))/(-2)?
7
Suppose -q = a - 4*a - 38, 5*q - 105 = -2*a. Let g = q - -16. Suppose -2*t = -3*m - 0*t + 27, -3*m + g = 2*t. What is the units digit of m?
1
Suppose v + 2*v + 4*y = 341, 0 = -4*v + 2*y + 484. What 